5?
-11
In base 7, what is -3 - -2023?
2020
In base 4, what is 10 - -10102?
10112
In base 5, what is -2 - 304?
-311
In base 16, what is -3 + -a?
-d
In base 6, what is 1 - -10351?
10352
In base 5, what is 13 - -133?
201
In base 4, what is 110002 - -1?
110003
In base 9, what is 60 - -3?
63
In base 3, what is 0 - 212111?
-212111
In base 11, what is -2304 + 4?
-2300
In base 9, what is 55 + 16?
72
In base 5, what is 2122 - 20?
2102
In base 2, what is -1101110 + 11?
-1101011
In base 9, what is -42 + -422?
-464
In base 6, what is 0 - 33103?
-33103
In base 5, what is 1 + -1431?
-1430
In base 2, what is 0 + -1100111101?
-1100111101
In base 9, what is 58010 - -4?
58014
In base 8, what is 2 - -501?
503
In base 8, what is -4224 + -4?
-4230
In base 4, what is -30032 - -3?
-30023
In base 2, what is 1 - 1101010?
-1101001
In base 4, what is 102111 + 10?
102121
In base 4, what is 3133 - 10?
3123
In base 15, what is -141 + 6b?
-c5
In base 15, what is 4 + -bc1?
-bbc
In base 11, what is 0 + -2a?
-2a
In base 15, what is 342 - 1?
341
In base 9, what is 5 + -4722?
-4716
In base 10, what is 3 - -158?
161
In base 2, what is -1010 + 10111?
1101
In base 12, what is 1493 + 3?
1496
In base 4, what is -20 - -310?
230
In base 2, what is -101 + -100111011?
-101000000
In base 15, what is -3 - -59?
56
In base 2, what is -1101100 + 11?
-1101001
In base 10, what is 4 + 28?
32
In base 6, what is 2423 - 4?
2415
In base 12, what is -2b9 + 1?
-2b8
In base 15, what is 43 + -1?
42
In base 11, what is 1277 - -1?
1278
In base 5, what is 2233 + 10?
2243
In base 7, what is -16 + 2552?
2533
In base 12, what is -4 + 175?
171
In base 8, what is -240 + -4?
-244
In base 9, what is -6 + 13?
6
In base 11, what is 1 - -122?
123
In base 12, what is 262 + -3?
25b
In base 5, what is -243 + -1?
-244
In base 10, what is 3 - -14?
17
In base 15, what is 41 + -2?
3e
In base 16, what is 0 + 2b?
2b
In base 13, what is 8 + -8?
0
In base 4, what is -211312 + 11?
-211301
In base 9, what is -5 - 118?
-124
In base 16, what is -14d3 + -3?
-14d6
In base 8, what is -110 + -11?
-121
In base 10, what is -15 + -578?
-593
In base 14, what is c - -25?
33
In base 15, what is 4 + -dba?
-db6
In base 3, what is -112 - 2220?
-10102
In base 12, what is 162 - -2?
164
In base 8, what is -6 - -3?
-3
In base 5, what is -32 + 10?
-22
In base 6, what is -2240 + -13?
-2253
In base 14, what is c + b?
19
In base 6, what is 5 - -42212?
42221
In base 15, what is 111 + -67?
99
In base 8, what is -5 + -656?
-663
In base 11, what is -191 - 1?
-192
In base 3, what is 0 - 1122?
-1122
In base 12, what is -9 - -6a?
61
In base 2, what is -10001011 + -1?
-10001100
In base 5, what is -113130 - 0?
-113130
In base 6, what is 3 + -340?
-333
In base 16, what is 62 + -1?
61
In base 9, what is -3485 + 0?
-3485
In base 8, what is -162 - -5?
-155
In base 12, what is -2168 + -1?
-2169
In base 13, what is -1 - -34?
33
In base 13, what is 4 - ca?
-c6
In base 8, what is 2122 + 0?
2122
In base 12, what is 124 + -1?
123
In base 12, what is -2 + 819?
817
In base 14, what is 68 + 83?
10b
In base 4, what is 10 - -1211?
1221
In base 10, what is -2 + -27?
-29
In base 15, what is 5e + -7?
57
In base 15, what is 270e - -3?
2712
In base 9, what is -1 + -346?
-347
In base 5, what is 32 + 4?
41
In base 6, what is 142 + -325?
-143
In base 11, what is -1 + -a03?
-a04
In base 11, what is 74 + -8?
67
In base 10, what is -15660 - 3?
-15663
In base 3, what is -2002 - -102?
-1200
In base 8, what is -174 - -1?
-173
In base 13, what is -1 + -3a?
-3b
In base 15, what is -4d3 - 0?
-4d3
In base 12, what is -3 - -113?
110
In base 13, what is 2 + -1b0?
-1ab
In base 7, what is 34 + -1110?
-1043
In base 12, what is -a + -85?
-93
In base 6, what is 153 - -1?
154
In base 9, what is 45 + -40?
5
In base 16, what is 151 + -31?
120
In base 5, what is 320 - -124?
444
In base 5, what is -1 + 244?
243
In base 10, what is -1 + 115?
114
In base 4, what is 1130 - 103?
1021
In base 12, what is -4 - -845?
841
In base 11, what is 11 + -207?
-1a6
In base 5, what is 2324 + -4?
2320
In base 3, what is -10000211 - 10?
-10000221
In base 4, what is -12122 - -11?
-12111
In base 15, what is -5d - -5?
-58
In base 12, what is -3 - 13b9?
-1400
In base 4, what is -10 - 10122?
-10132
In base 15, what is -5e4 + -4?
-5e8
In base 12, what is -3 - 2a8b?
-2a92
In base 13, what is 6 - 158?
-152
In base 9, what is -4 - -457?
453
In base 8, what is -4 + 370?
364
In base 3, what is 1222201 - -10?
1222211
In base 11, what is 2 - -41?
43
In base 11, what is 25 - -11?
36
In base 15, what is -27 + 5?
-22
In base 13, what is 2 + 1745?
1747
In base 5, what is 20 - 22?
-2
In base 4, what is 10300 - -2?
10302
In base 13, what is -1541 + -1?
-1542
In base 8, what is 4 - 205?
-201
In base 6, what is 4345 + -32?
4313
In base 11, what is 173 - 11?
162
In base 15, what is 8b - 1?
8a
In base 8, what is 4 + 63?
67
In base 7, what is 1 - -26034?
26035
In base 4, what is -233 + 0?
-233
In base 6, what is 21 + 455?
520
In base 14, what is 1d - 4?
19
In base 3, what is 120 + 20?
210
In base 9, what is 1 + -10?
-8
In base 7, what is -161 + -31?
-222
In base 13, what is c + 1ba?
1c9
In base 2, what is -101 + 100001101?
100001000
In base 15, what is -4 + -25?
-29
In base 16, what is -1 - a?
-b
In base 4, what is -123 + 33?
-30
In base 7, what is 3010 + 1?
3011
In base 12, what is 185 + 4?
189
In base 8, what is -31 - -13?
-16
In base 7, what is -15 + 22?
4
In base 9, what is -125 + -2?
-127
In base 7, what is 11356 - 2?
11354
In base 7, what is 43533 + 2?
43535
In base 4, what is -10 + -223?
-233
In base 9, what is -4 - 36?
-41
In base 9, what is -5851 + -2?
-5853
In base 7, what is 16 + -303?
-254
In base 5, what is 10 - 244?
-234
In base 4, what is -2323012 + -11?
-2323023
In base 4, what is 333202 - -2?
333210
In base 3, what is 100112012 - -12?
100112101
In base 5, what is -10 + 11321?
11311
In base 10, what is 1790 + -3?
1787
In base 15, what is 4 + 28?
2c
In base 16, what is -30 - -51?
21
In base 8, what is -5 + 511?
504
In base 13, what is 7 - 27?
-20
In base 10, what is 161 - 7?
154
In base 6, what is -140 - 104?
-244
In base 6, what is -5015 - 0?
-5015
In base 9, what is 1348 + -3?
1345
In base 5, what is 23414 - 21?
23343
In base 5, what is 10400 + -3?
10342
In base 7, what is -21 - -6?
-12
In base 16, what is -d89 + 1?
-d88
In base 14, what is -69 + -cd?
-158
In base 9, what is 14 - -4?
18
In base 16, what is 214 - -5?
219
In base 13, what is -a03 - -7?
-9c9
In base 9, what is 15 + 62?
77
In base 15, what is 24d3 - -4?
24d7
In base 16, what is 56 - 5?
51
In base 11, what is -27 - -7?
-20
In base 12, what is 1b + -1?
1a
In base 11, what is -1 - -3?
2
In base 8, what is 24677 - -1?
24700
In base 13, what is -24 - 0?
-24
In base 2, what is 1000110 + -10111?
101111
In base 9, what is 2177 - -1?
2178
In base 5, what is -2332 + -41?
-2423
In base 16, what is 0 + -24?
-24
In base 2, what is -1100100000100 - -10?
-1100100000010
In base 15, what is -4a6 + -7?
-4ad
In base 7, what is -1 - 55?
-56
In base 3, what is -201 - 0?
-201
In base 8, what is 4325 + -3?
4322
In base 8, what is 5 - 4667?
-4662
In base 13, what is -1 + 241?
240
In base 2, what is 10110 + -1010?
1100
In base 15, what is -2 + 18?
16
In base 16, what is e9 - -b?
f4
In base 8, what is 1 - 123?
-122
In base 4, what is 2031 + -32?
1333
In base 14, what is a - 20?
-14
In base 15, what is 50 - -12?
62
In base 7, what is -16414 + 5?
-16406
In base 16, what is -cc6 + -3?
-cc9
In base 15, what is -7 - 1be?
-1c6
In base 8, what is -132 - 2?
-134
In base 3, what is -120112000 - 1?
-120112001
In base 2, what is 1001 - 1101000011?
-1100111010
In base 16, what is 6e + -11?
5d
In base 8, what is -3 - -37?
34
In base 15, what is -1 - -e0?
de
In base 11, what is -35 - -4?
-31
In base 13, what is 76 - 2b?
48
In base 8, what is 457 - 0?
457
In base 15, what is -1291 - -1?
-1290
In base 7, what is -31 + 10?
-21
In base 16, what is 31 + 12?
43
In base 11, what is -2 + -11?
-13
In base 6, what is 4 + -500?
-452
In base 10, what is 2306 + -1?
2305
In base 14, what is 114 + 73?
187
In base 15, what is -e + be?
b0
In base 4, what is 1 - 111102?
-111101
In base 9, what is -2 + -14?
-16
In base 10, what is 39 + -107?
-68
In base 12, what is -10 + -11?
-21
In base 4, what is 21 + 313?
1000
In bas